{"id":1265,"date":"2023-12-13T13:47:37","date_gmt":"2023-12-13T12:47:37","guid":{"rendered":"https:\/\/burgis.de\/gv\/?post_type=custom_type&#038;p=1265"},"modified":"2025-04-08T09:25:07","modified_gmt":"2025-04-08T07:25:07","slug":"gefuellter-knoedel-mit-koriander-moehren-und-backpflaumen","status":"publish","type":"custom_type","link":"https:\/\/burgis.de\/gv\/rezepte\/gefuellter-knoedel-mit-koriander-moehren-und-backpflaumen\/","title":{"rendered":"Gef\u00fcllter Kn\u00f6del mit Koriander-M\u00f6hren und Backpflaumen"},"content":{"rendered":"","protected":false},"excerpt":{"rendered":"","protected":false},"author":486,"featured_media":1271,"comment_status":"open","ping_status":"open","template":"","meta":{"_acf_changed":false,"_seopress_robots_primary_cat":"","_seopress_titles_title":"","_seopress_titles_desc":"Entdecken Sie unser Rezept f\u00fcr gef\u00fcllte Kn\u00f6del mit Koriander, M\u00f6hren und Backpflaumen! Ein kreatives, herzhaftes Gericht, das perfekt f\u00fcr jede Gelegenheit ist.","_seopress_robots_index":"","footnotes":""},"custom_cat":[],"custom_tax":[],"class_list":["post-1265","custom_type","type-custom_type","status-publish","has-post-thumbnail","hentry"],"acf":[],"_links":{"self":[{"href":"https:\/\/burgis.de\/gv\/wp-json\/wp\/v2\/custom_type\/1265","targetHints":{"allow":["GET"]}}],"collection":[{"href":"https:\/\/burgis.de\/gv\/wp-json\/wp\/v2\/custom_type"}],"about":[{"href":"https:\/\/burgis.de\/gv\/wp-json\/wp\/v2\/types\/custom_type"}],"author":[{"embeddable":true,"href":"https:\/\/burgis.de\/gv\/wp-json\/wp\/v2\/users\/486"}],"replies":[{"embeddable":true,"href":"https:\/\/burgis.de\/gv\/wp-json\/wp\/v2\/comments?post=1265"}],"version-history":[{"count":5,"href":"https:\/\/burgis.de\/gv\/wp-json\/wp\/v2\/custom_type\/1265\/revisions"}],"predecessor-version":[{"id":1606,"href":"https:\/\/burgis.de\/gv\/wp-json\/wp\/v2\/custom_type\/1265\/revisions\/1606"}],"wp:featuredmedia":[{"embeddable":true,"href":"https:\/\/burgis.de\/gv\/wp-json\/wp\/v2\/media\/1271"}],"wp:attachment":[{"href":"https:\/\/burgis.de\/gv\/wp-json\/wp\/v2\/media?parent=1265"}],"wp:term":[{"taxonomy":"custom_cat","embeddable":true,"href":"https:\/\/burgis.de\/gv\/wp-json\/wp\/v2\/custom_cat?post=1265"},{"taxonomy":"custom_tax","embeddable":true,"href":"https:\/\/burgis.de\/gv\/wp-json\/wp\/v2\/custom_tax?post=1265"}],"curies":[{"name":"wp","href":"https:\/\/api.w.org\/{rel}","templated":true}]}}

Gefüllter Knödel mit Koriander-Möhren und Backpflaumen

Entdecken Sie unser Rezept für gefüllte Knödel mit Koriander, Möhren und Backpflaumen! Ein kreatives, herzhaftes Gericht, das perfekt für jede Gelegenheit ist.
