{"id":1361,"date":"2023-12-13T13:50:37","date_gmt":"2023-12-13T12:50:37","guid":{"rendered":"https:\/\/burgis.de\/gv\/?post_type=custom_type&#038;p=1361"},"modified":"2025-04-08T09:23:16","modified_gmt":"2025-04-08T07:23:16","slug":"quarkkeulchen-mit-apfelmus","status":"publish","type":"custom_type","link":"https:\/\/burgis.de\/gv\/rezepte\/quarkkeulchen-mit-apfelmus\/","title":{"rendered":"Quarkkeulchen mit Apfelmus"},"content":{"rendered":"","protected":false},"excerpt":{"rendered":"","protected":false},"author":486,"featured_media":1357,"comment_status":"open","ping_status":"open","template":"","meta":{"_acf_changed":false,"_seopress_robots_primary_cat":"","_seopress_titles_title":"","_seopress_titles_desc":"Ein k\u00f6stliches Rezept von Burgis mit Kartoffelteig, Magerquark, Zitronenabrieb und servierfertigem Apfelmus. Perfekt f\u00fcr s\u00fc\u00dfe Genie\u00dfer.","_seopress_robots_index":"","footnotes":""},"custom_cat":[],"custom_tax":[],"class_list":["post-1361","custom_type","type-custom_type","status-publish","has-post-thumbnail","hentry"],"acf":[],"_links":{"self":[{"href":"https:\/\/burgis.de\/gv\/wp-json\/wp\/v2\/custom_type\/1361","targetHints":{"allow":["GET"]}}],"collection":[{"href":"https:\/\/burgis.de\/gv\/wp-json\/wp\/v2\/custom_type"}],"about":[{"href":"https:\/\/burgis.de\/gv\/wp-json\/wp\/v2\/types\/custom_type"}],"author":[{"embeddable":true,"href":"https:\/\/burgis.de\/gv\/wp-json\/wp\/v2\/users\/486"}],"replies":[{"embeddable":true,"href":"https:\/\/burgis.de\/gv\/wp-json\/wp\/v2\/comments?post=1361"}],"version-history":[{"count":4,"href":"https:\/\/burgis.de\/gv\/wp-json\/wp\/v2\/custom_type\/1361\/revisions"}],"predecessor-version":[{"id":1602,"href":"https:\/\/burgis.de\/gv\/wp-json\/wp\/v2\/custom_type\/1361\/revisions\/1602"}],"wp:featuredmedia":[{"embeddable":true,"href":"https:\/\/burgis.de\/gv\/wp-json\/wp\/v2\/media\/1357"}],"wp:attachment":[{"href":"https:\/\/burgis.de\/gv\/wp-json\/wp\/v2\/media?parent=1361"}],"wp:term":[{"taxonomy":"custom_cat","embeddable":true,"href":"https:\/\/burgis.de\/gv\/wp-json\/wp\/v2\/custom_cat?post=1361"},{"taxonomy":"custom_tax","embeddable":true,"href":"https:\/\/burgis.de\/gv\/wp-json\/wp\/v2\/custom_tax?post=1361"}],"curies":[{"name":"wp","href":"https:\/\/api.w.org\/{rel}","templated":true}]}}

Ein köstliches Rezept von Burgis mit Kartoffelteig, Magerquark, Zitronenabrieb und servierfertigem Apfelmus. Perfekt für süße Genießer.
