{"id":788,"date":"2022-08-01T12:57:57","date_gmt":"2022-08-01T10:57:57","guid":{"rendered":"https:\/\/burgis.de\/gv\/?post_type=custom_type&#038;p=788"},"modified":"2024-07-12T16:28:46","modified_gmt":"2024-07-12T14:28:46","slug":"gebratene-semmelknoedelscheiben-mit-marktgemuese","status":"publish","type":"custom_type","link":"https:\/\/burgis.de\/gv\/rezepte\/gebratene-semmelknoedelscheiben-mit-marktgemuese\/","title":{"rendered":"Gebratene Semmelkn\u00f6delscheiben mit Marktgem\u00fcse"},"content":{"rendered":"","protected":false},"excerpt":{"rendered":"<p>Ein leckeres und schnelles vegetarisches Hauptgericht.<\/p>","protected":false},"author":7,"featured_media":792,"comment_status":"open","ping_status":"open","template":"","meta":{"_acf_changed":false,"_seopress_robots_primary_cat":"","_seopress_titles_title":"","_seopress_titles_desc":"Genie\u00dfen Sie gebratene Semmelkn\u00f6delscheiben mit Marktgem\u00fcse! Ein herzhaftes Gericht, das knusprig und lecker ist \u2013 perfekt f\u00fcr ein schnelles und schmackhaftes Essen!","_seopress_robots_index":"","footnotes":""},"custom_cat":[],"custom_tax":[],"class_list":["post-788","custom_type","type-custom_type","status-publish","has-post-thumbnail","hentry"],"acf":[],"_links":{"self":[{"href":"https:\/\/burgis.de\/gv\/wp-json\/wp\/v2\/custom_type\/788","targetHints":{"allow":["GET"]}}],"collection":[{"href":"https:\/\/burgis.de\/gv\/wp-json\/wp\/v2\/custom_type"}],"about":[{"href":"https:\/\/burgis.de\/gv\/wp-json\/wp\/v2\/types\/custom_type"}],"author":[{"embeddable":true,"href":"https:\/\/burgis.de\/gv\/wp-json\/wp\/v2\/users\/7"}],"replies":[{"embeddable":true,"href":"https:\/\/burgis.de\/gv\/wp-json\/wp\/v2\/comments?post=788"}],"version-history":[{"count":6,"href":"https:\/\/burgis.de\/gv\/wp-json\/wp\/v2\/custom_type\/788\/revisions"}],"predecessor-version":[{"id":1630,"href":"https:\/\/burgis.de\/gv\/wp-json\/wp\/v2\/custom_type\/788\/revisions\/1630"}],"wp:featuredmedia":[{"embeddable":true,"href":"https:\/\/burgis.de\/gv\/wp-json\/wp\/v2\/media\/792"}],"wp:attachment":[{"href":"https:\/\/burgis.de\/gv\/wp-json\/wp\/v2\/media?parent=788"}],"wp:term":[{"taxonomy":"custom_cat","embeddable":true,"href":"https:\/\/burgis.de\/gv\/wp-json\/wp\/v2\/custom_cat?post=788"},{"taxonomy":"custom_tax","embeddable":true,"href":"https:\/\/burgis.de\/gv\/wp-json\/wp\/v2\/custom_tax?post=788"}],"curies":[{"name":"wp","href":"https:\/\/api.w.org\/{rel}","templated":true}]}}

Gebratene Semmelknödelscheiben mit Marktgemüse

Genießen Sie gebratene Semmelknödelscheiben mit Marktgemüse! Ein herzhaftes Gericht, das knusprig und lecker ist – perfekt für ein schnelles und schmackhaftes Essen!
