{"id":807,"date":"2022-08-01T13:39:01","date_gmt":"2022-08-01T11:39:01","guid":{"rendered":"https:\/\/burgis.de\/gv\/?post_type=custom_type&#038;p=807"},"modified":"2024-07-12T16:27:37","modified_gmt":"2024-07-12T14:27:37","slug":"gefuellte-kartoffelnester-mit-salat","status":"publish","type":"custom_type","link":"https:\/\/burgis.de\/gv\/rezepte\/gefuellte-kartoffelnester-mit-salat\/","title":{"rendered":"Gef\u00fcllte Kartoffelnester mit Salat"},"content":{"rendered":"","protected":false},"excerpt":{"rendered":"<p>Ein Gericht f\u00fcr das Auge aus Klo\u00dfteig, K\u00e4se, Speck und Ei.<\/p>","protected":false},"author":7,"featured_media":810,"comment_status":"open","ping_status":"open","template":"","meta":{"_acf_changed":false,"_seopress_robots_primary_cat":"","_seopress_titles_title":"","_seopress_titles_desc":"Genie\u00dfen Sie gef\u00fcllte Kartoffelnester mit Salat! Ein kreatives und herzhaftes Gericht, das einfach zuzubereiten ist und perfekt f\u00fcr jede Gelegenheit passt!","_seopress_robots_index":"","footnotes":""},"custom_cat":[],"custom_tax":[],"class_list":["post-807","custom_type","type-custom_type","status-publish","has-post-thumbnail","hentry"],"acf":[],"_links":{"self":[{"href":"https:\/\/burgis.de\/gv\/wp-json\/wp\/v2\/custom_type\/807","targetHints":{"allow":["GET"]}}],"collection":[{"href":"https:\/\/burgis.de\/gv\/wp-json\/wp\/v2\/custom_type"}],"about":[{"href":"https:\/\/burgis.de\/gv\/wp-json\/wp\/v2\/types\/custom_type"}],"author":[{"embeddable":true,"href":"https:\/\/burgis.de\/gv\/wp-json\/wp\/v2\/users\/7"}],"replies":[{"embeddable":true,"href":"https:\/\/burgis.de\/gv\/wp-json\/wp\/v2\/comments?post=807"}],"version-history":[{"count":4,"href":"https:\/\/burgis.de\/gv\/wp-json\/wp\/v2\/custom_type\/807\/revisions"}],"predecessor-version":[{"id":1628,"href":"https:\/\/burgis.de\/gv\/wp-json\/wp\/v2\/custom_type\/807\/revisions\/1628"}],"wp:featuredmedia":[{"embeddable":true,"href":"https:\/\/burgis.de\/gv\/wp-json\/wp\/v2\/media\/810"}],"wp:attachment":[{"href":"https:\/\/burgis.de\/gv\/wp-json\/wp\/v2\/media?parent=807"}],"wp:term":[{"taxonomy":"custom_cat","embeddable":true,"href":"https:\/\/burgis.de\/gv\/wp-json\/wp\/v2\/custom_cat?post=807"},{"taxonomy":"custom_tax","embeddable":true,"href":"https:\/\/burgis.de\/gv\/wp-json\/wp\/v2\/custom_tax?post=807"}],"curies":[{"name":"wp","href":"https:\/\/api.w.org\/{rel}","templated":true}]}}

Gefüllte Kartoffelnester mit Salat

<p>Ein Gericht für das Auge aus Kloßteig, Käse, Speck und Ei.</p>

Genießen Sie gefüllte Kartoffelnester mit Salat! Ein kreatives und herzhaftes Gericht, das einfach zuzubereiten ist und perfekt für jede Gelegenheit passt!
